-4*s - 32. What is the remainder when j is divided by f?
6
Suppose 0 = -53*y + 724 + 1555. Calculate the remainder when 45 is divided by y.
2
Suppose 9*c - 296 - 361 = 0. Suppose c*t - 74*t = -17. Calculate the remainder when 336 is divided by t.
13
Let l be 5/(-10)*(125*-3 + 1). Let d = l + -49. Calculate the remainder when d is divided by 20.
18
Let x(j) = 35*j - 30. Let f(y) = 2*y. Let i(r) = -10*f(r) + x(r). Calculate the remainder when i(6) is divided by 28.
4
Let t(q) = -2*q**2 + 6*q + 10. Let o be t(4). Suppose o*b - 25*b = -230. Calculate the remainder when 19 is divided by b.
9
Let h(f) = f**2 - 8*f + 5. Let c be h(5). Calculate the remainder when (22 - 749/28)*-8 is divided by ((-28)/c)/((-2)/(-10)).
10
Suppose 5750*z - 5884*z + 5360 = 0. What is the remainder when 9719 is divided by z?
39
Let k(b) be the third derivative of -11*b**4/24 - 5*b**3/2 - 64*b**2. What is the remainder when k(-13) is divided by 13?
11
Let c(u) = -u**2 + 24*u + 14. Let d be c(21). Let i(l) = l - 10. Calculate the remainder when -4 + (d/5 - 3/(-5)) is divided by i(15).
2
Let a = 52 + -22. Suppose 2*r = -r + a. What is the remainder when 22 is divided by r?
2
Let t(p) = p**3 + 5*p + 230. Let c be t(0). Suppose -f - 64 = -c. Calculate the remainder when f is divided by 24.
22
Let p(l) = l**3 - 4*l**2 + 3. Let d = 140534 - 140341. What is the remainder when d is divided by p(5)?
25
Suppose 2909 = 8*b + 799 - 2034. What is the remainder when b is divided by 26/(-4)*(-2 - 14)?
102
Let z = -75 + 79. Suppose -69 - 39 = -z*g. What is the remainder when 16 is divided by g*((-20)/(-6) - 3)?
7
Let b(g) = 13*g + 39. Let f be b(9). Suppose 13*n = 19*n - f. What is the remainder when 50 is divided by n?
24
Let i(q) = -q**3 + 33*q**2 - 137*q - 40. What is the remainder when 817 is divided by i(28)?
25
Suppose 89*z + 63070 = 172718. What is the remainder when z is divided by 252?
224
Suppose 47*i = -38*i + 17*i + 3060. Calculate the remainder when 2879 is divided by i.
44
Let v = -97 + 141. Calculate the remainder when v/(2/(-1))*63/(-6) is divided by 26.
23
Suppose 0 = -k - 2, 2*r - 1 - 27 = -5*k. Let n = 10 - -40. What is the remainder when n is divided by r?
12
Let l = 757 + -746. Suppose -26 = 9*d - 10*d. What is the remainder when d is divided by l?
4
Let w(a) = 22*a**2 - 5. Let q(o) = o**2 + 2*o - 7. Let g be q(4). Let m = g + 0. Calculate the remainder when w(2) is divided by m.
15
What is the remainder when (3/(-12) - (-861)/420)*80 is divided by (-8)/(-28) - (-416)/14?
24
Let r(m) = -4*m**3 - 6*m**2 - 5*m - 9. Calculate the remainder when r(-4) is divided by 66.
39
What is the remainder when 349 is divided by (-54)/189 + 5257/49?
28
Let v be (3828/18)/((4/3)/(-4)). Let a = 895 + v. What is the remainder when a is divided by 20?
17
Suppose 8*v = 24*a - 22*a - 1400, 5*a + 2*v - 3302 = 0. What is the remainder when a is divided by 34?
18
Let d(a) = 160*a + 33614. Let z(i) = i + 59. Let w(v) = -v**3 - 6*v**2 - 5*v. Let m be w(-5). Calculate the remainder when d(-209) is divided by z(m).
56
Let z(j) = j**2 - 8*j - 7. Let x = -257 + 247. Let s = 16 - x. Calculate the remainder when z(-6) is divided by s.
25
Suppose 0 = -64*x + 62*x - l + 598, 0 = 4*x - 3*l - 1186. What is the remainder when x is divided by 45?
28
Suppose -57*o - 3*s - 371 = -62*o, -2*o - 3*s = -140. Calculate the remainder when 1021 is divided by o.
72
Let q be ((-1)/(-4) - (-42)/24) + 20. Let i = 22 - q. Suppose 10*h - 13*h + 246 = i. What is the remainder when h is divided by 12?
10
Let s = 89 + -39. Let r = 32031 - 31887. What is the remainder when r is divided by s?
44
Let k(o) = -o**2 - o + 33. Suppose -17 = -8*x + 15. What is the remainder when 336 is divided by k(x)?
11
Suppose 5*h - 10753 = -3*x, 0 = 1068*x - 1071*x - 3*h + 10749. What is the remainder when x is divided by 69?
62
Suppose -23 - 2709 = -3*s + 1132. Calculate the remainder when s is divided by 34.
30
Calculate the remainder when 551 is divided by 1904/(-85) + 23 + (-3544)/(-10).
196
Let n(q) = q**3 - 3*q**2 + 4*q + 9. Let r(a) = -a**3 - a**2 + a + 1. Let x(c) = n(c) + 2*r(c). What is the remainder when x(-7) is divided by 18?
13
Let v = 20 - 3. Let s(i) = 31163*i - 467297. What is the remainder when s(15) is divided by v?
12
Suppose -8*z = -4*c - 13*z + 40, -3*c - 2*z = -30. Let q be -10 + 8 + 2*-73. Let m = q + 217. Calculate the remainder when m is divided by c.
9
Calculate the remainder when 1628 is divided by 3*5/(-5) + 184.
180
Suppose 67*t = 66*t - 4*h + 14, 2*t - 32 = -4*h. Let y(p) = 9*p**2 - 10*p + 14. Calculate the remainder when y(4) is divided by t.
10
Suppose 0 = c + 3 - 7, 5*j - c = 101. Suppose 1368 = 13*x - 257. Suppose -x*r - 585 = -140*r. Calculate the remainder when r is divided by j.
18
Let y(d) = d**3 - 8*d**2 + 15*d - 112. Let u be y(10). Suppose u = -92*h + 94*h. Calculate the remainder when h is divided by 30.
29
Let a = -16 - -77. Let w(i) = -i. Let c(r) = -13*r - 18. Let o(q) = c(q) - 6*w(q). Calculate the remainder when a is divided by o(-7).
30
Suppose 0*l - o = -4*l + 81, -l + 22 = -2*o. Calculate the remainder when 37 is divided by l.
17
Let m = -1243 + 1585. What is the remainder when m is divided by 38?
0
Suppose 3*f = -2*n + 275, -n + 17*f = 15*f - 148. What is the remainder when 288 is divided by n?
4
Let a(y) = -34*y - 139. Let q = 130 - 146. Calculate the remainder when a(q) is divided by 24.
21
Suppose 0 = -3*f + 18*h - 16*h + 980, 0 = -4*f + h + 1305. What is the remainder when f is divided by 129?
68
Suppose 0 = 5*f + 4*v - 5, -2*v = 4*f - 3*f - 7. Calculate the remainder when 71 is divided by (11 - -6) + f - -7.
8
Let n = 21 + -15. Let f = -91 - -96. Suppose -5*h - u - 3*u + 129 = 0, -f*h - 5*u + 125 = 0. What is the remainder when h is divided by n?
5
Let k(c) = c**3 + 2*c**2 + c + 40. Let b be k(-4). Suppose -2*z + 5*g + 16 = 3*g, g - 42 = -b*z. Calculate the remainder when 24 is divided by z.
4
Let b(f) = f**3 + 26*f**2 + 2*f - 357. What is the remainder when b(-23) is divided by 135?
104
Let f = -59 + 55. What is the remainder when 159*(4/16)/((-3)/f) is divided by 14?
11
Let c(v) = 2*v - 4. Let k be c(-4). Let m = k + 18. What is the remainder when 25/30 + (-931)/(-42) is divided by m?
5
Let g(t) = 5*t**2 + 6*t + 0*t**3 + 10 + 0*t**2 + 1 + t**3. Let a be g(-4). Suppose -a*x + 14 = -154. Calculate the remainder when x is divided by 29.
27
Suppose -29*q = -2*q - 120501. Calculate the remainder when q is divided by 77.
74
Let p(r) = r**3 + 21*r**2 - 2*r - 24. Let i be p(-21). Let t(u) = -i*u + 9*u - 15*u - 5 + u. What is the remainder when t(-2) is divided by 11?
8
Let f(m) = 13*m**3 - 2*m**2 + m. Let b = -95 - -104. Suppose 15*q - 120 = b*q. What is the remainder when q is divided by f(1)?
8
Let c(u) = -36*u + 2391. What is the remainder when 37 is divided by c(66)?
7
Let d(m) = -m**2 - 15*m + 20. Let q(b) = b + 110. Calculate the remainder when q(25) is divided by d(-14).
33
Suppose x - 19 = -0*x. Suppose 2*g + w + 3*w - 14 = 0, x = g - 2*w. Calculate the remainder when g is divided by (-114)/19 - (-9 + -1).
1
Suppose -5*p - 12*f + 9*f + 343 = 0, f = -p + 69. Calculate the remainder when p is divided by (6 - 275/44) + 202/8.
18
Suppose -4*m + 30 = 6*p - 4*p, m - 4*p = 3. What is the remainder when 31 is divided by (12 + m)/(2 - 2/2)?
12
Let x(z) = z**3 + 5*z**2 - 8*z - 2. Let w be x(-6). Let a(u) = 2*u - 16. Let i be a(w). Calculate the remainder when 49 is divided by (i/(-5))/((-12)/150).
9
Let k(j) be the first derivative of -9*j**2/2 - 64*j - 13. Calculate the remainder when k(-11) is divided by 11.
2
Suppose -2*w = -8, -2*p + 3*w + 142 + 100 = 0. Let b(t) = 6*t**2 - 8*t + 3. Calculate the remainder when p is divided by b(3).
28
Let h(t) = 3*t**3 - 70*t**2 - 19*t + 153. What is the remainder when h(24) is divided by 91?
30
What is the remainder when (-12033250)/(-10612) + 2/28 is divided by 378?
0
Suppose -4*d - 3 = 33. Let z = d + 33. Let j = -958 - -1027. Calculate the remainder when j is divided by z.
21
Let d(i) = 21*i - 63. Suppose -2*t = 7*t - 36. What is the remainder when 251 is divided by d(t)?
20
Suppose -2*m = 354*c - 355*c - 476, -c - 948 = -4*m. What is the remainder when m is divided by 229?
7
Suppose 453 = 30*n - 4*n - 93. Calculate the remainder when 5725 is divided